of 335492780?
0
What is the ten thousands digit of 985524112?
2
What is the hundreds digit of 201192828?
8
What is the ten millions digit of 31300711?
3
What is the ten millions digit of 274038785?
7
What is the tens digit of 220827143?
4
What is the hundreds digit of 6145551?
5
What is the ten thousands digit of 25828476?
2
What is the ten millions digit of 1681845285?
8
What is the millions digit of 807192089?
7
What is the tens digit of 82220105?
0
What is the hundred thousands digit of 315162439?
1
What is the ten millions digit of 12199026?
1
What is the units digit of 2283018?
8
What is the hundreds digit of 1820281846?
8
What is the hundreds digit of 3631530?
5
What is the hundred thousands digit of 19998117?
9
What is the units digit of 29841668?
8
What is the ten thousands digit of 157052325?
5
What is the hundred thousands digit of 6906493848?
4
What is the ten thousands digit of 416156154?
5
What is the ten thousands digit of 126811012?
1
What is the millions digit of 718731906?
8
What is the hundreds digit of 1854663610?
6
What is the hundred thousands digit of 50622580?
6
What is the ten thousands digit of 9004175?
0
What is the hundreds digit of 743004327?
3
What is the ten millions digit of 25044286?
2
What is the units digit of 15009568?
8
What is the hundred thousands digit of 758220775?
2
What is the ten thousands digit of 33304691?
0
What is the millions digit of 30481225?
0
What is the tens digit of 127109511?
1
What is the hundred thousands digit of 82505231?
5
What is the tens digit of 32240831?
3
What is the billions digit of 1345614281?
1
What is the ten millions digit of 75982999?
7
What is the hundreds digit of 25931850?
8
What is the tens digit of 344327399?
9
What is the billions digit of 1822181682?
1
What is the units digit of 3228589132?
2
What is the ten millions digit of 118063272?
1
What is the hundreds digit of 81833738?
7
What is the hundred millions digit of 4119854535?
1
What is the hundreds digit of 64395470?
4
What is the ten thousands digit of 101083212?
8
What is the millions digit of 127551798?
7
What is the ten millions digit of 3824612820?
2
What is the hundreds digit of 138293577?
5
What is the hundreds digit of 334262899?
8
What is the ten millions digit of 449819129?
4
What is the ten millions digit of 229126916?
2
What is the units digit of 1358577613?
3
What is the hundreds digit of 1742872066?
0
What is the millions digit of 252112690?
2
What is the millions digit of 4503681265?
3
What is the hundreds digit of 6650070742?
7
What is the thousands digit of 229863856?
3
What is the millions digit of 1025171819?
5
What is the millions digit of 144315135?
4
What is the ten millions digit of 1436537015?
3
What is the hundreds digit of 37868987?
9
What is the hundreds digit of 398434968?
9
What is the hundreds digit of 1239949547?
5
What is the units digit of 1251908139?
9
What is the hundreds digit of 182883591?
5
What is the units digit of 44802673?
3
What is the billions digit of 2867839974?
2
What is the millions digit of 6904594?
6
What is the hundred millions digit of 1012744890?
0
What is the billions digit of 2066032135?
2
What is the ten thousands digit of 228212888?
1
What is the ten millions digit of 6141806703?
4
What is the ten thousands digit of 619488632?
8
What is the billions digit of 1401049403?
1
What is the tens digit of 45350035?
3
What is the billions digit of 1205899173?
1
What is the millions digit of 74461553?
4
What is the hundreds digit of 2400363672?
6
What is the units digit of 92458786?
6
What is the ten thousands digit of 92137067?
3
What is the hundreds digit of 16246717?
7
What is the ten millions digit of 48654453?
4
What is the billions digit of 4920619008?
4
What is the ten millions digit of 6999644332?
9
What is the thousands digit of 317142860?
2
What is the tens digit of 80912144?
4
What is the hundreds digit of 55037121?
1
What is the thousands digit of 151490339?
0
What is the billions digit of 4296755873?
4
What is the thousands digit of 1176041286?
1
What is the tens digit of 120521895?
9
What is the tens digit of 28432987?
8
What is the tens digit of 40678155?
5
What is the ten thousands digit of 57717060?
1
What is the tens digit of 83687088?
8
What is the ten thousands digit of 39788637?
8
What is the thousands digit of 46824727?
4
What is the units digit of 1248307036?
6
What is the tens digit of 1292654054?
5
What is the millions digit of 23158075?
3
What is the ten thousands digit of 84375893?
7
What is the ten thousands digit of 339582920?
8
What is the hundreds digit of 3449328059?
0
What is the thousands digit of 5453091937?
1
What is the hundred millions digit of 719554939?
7
What is the hundreds digit of 561756410?
4
What is the units digit of 388523169?
9
What is the ten thousands digit of 7454868102?
6
What is the hundreds digit of 186122436?
4
What is the ten thousands digit of 4559564564?
6
What is the hundred millions digit of 282032417?
2
What is the hundred thousands digit of 2520272410?
2
What is the units digit of 123218964?
4
What is the tens digit of 161122731?
3
What is the ten thousands digit of 2177124581?
2
What is the millions digit of 2250297329?
0
What is the tens digit of 476642299?
9
What is the hundred thousands digit of 928826914?
8
What is the ten thousands digit of 89767128?
6
What is the hundred millions digit of 1974889535?
9
What is the tens digit of 539642865?
6
What is the units digit of 4531292957?
7
What is the hundreds digit of 217538362?
3
What is the millions digit of 168564497?
8
What is the hundred thousands digit of 30834427?
8
What is the hundred millions digit of 188538156?
1
What is the units digit of 913740230?
0
What is the hundred millions digit of 1569063004?
5
What is the tens digit of 271989492?
9
What is the ten millions digit of 819537992?
1
What is the units digit of 61384091?
1
What is the tens digit of 45078765?
6
What is the millions digit of 128335432?
8
What is the ten millions digit of 2782640953?
8
What is the hundred thousands digit of 44010188?
0
What is the hundreds digit of 634412956?
9
What is the millions digit of 5707086912?
7
What is the ten millions digit of 942410745?
4
What is the thousands digit of 3212169724?
9
What is the hundred thousands digit of 4883755144?
7
What is the ten millions digit of 37877300?
3
What is the ten millions digit of 91106217?
9
What is the ten thousands digit of 102409065?
0
What is the thousands digit of 2103722050?
2
What is the hundreds digit of 2437416629?
6
What is the units digit of 115253905?
5
What is the millions digit of 1615640296?
5
What is the hundred millions digit of 292436869?
2
What is the hundred thousands digit of 690662695?
6
What is the units digit of 838312131?
1
What is the tens digit of 1777455464?
6
What is the millions digit of 54533657?
4
What is the ten thousands digit of 199114242?
1
What is the hundreds digit of 371434971?
9
What is the millions digit of 642770621?
2
What is the tens digit of 159798484?
8
What is the ten millions digit of 35703029?
3
What is the units digit of 37031684?
4
What is the hundreds digit of 1929847179?
1
What is the tens digit of 877238305?
0
What is the thousands digit of 812368459?
8
What is the ten thousands digit of 25697468?
9
What is the millions digit of 484949126?
4
What is the hundred thousands digit of 42531223?
5
What is the hundred thousands digit of 9092861053?
8
What is the millions digit of 67808544?
7
What is the hundred millions digit of 371764019?
3
What is the millions digit of 148361243?
8
What is the hundred millions digit of 266211811?
2
What is the hundred thousands digit of 49603891?
6
What is the thousands digit of 48955610?
5
What is the ten millions digit of 63079775?
6
What is the hundred millions digit of 2276027459?
2
What is the millions digit of 110658268?
0
What is the millions digit of 2764336431?
4
What is the thousands digit of 230481539?
1
What is the tens digit of 2058517044?
4
What is the units digit of 99355746?
6
What is the units digit of 512341568?
8
What is the millions digit of 165773208?
5
What is the units digit of 779449025?
5
What is the hundred thousands digit of 548486800?
4
What is the hundreds digit of 23219627?
6
What is the thousands digi